50*q + 1377468. Determine a(9).
18
Let r(p) = -5*p**3 - 459*p**2 + 88*p - 126. Calculate r(-92).
242
Let v(p) = -p**2 - 1721*p - 52473. Calculate v(-30).
-1743
Let k(h) = 2057*h + 92414. Give k(-45).
-151
Let z(v) = -1983*v**2 - 11896*v + 33. Give z(-6).
21
Let i(u) = 2*u**3 + 116*u**2 - 24*u - 8115. What is i(-57)?
-249
Let r(u) = -80*u**3 + 3874*u**2 + 11624*u + 6. Determine r(-3).
2160
Let s(d) = 156819*d - 1881830. Calculate s(12).
-2
Let i(g) = -2401*g + 92319. Calculate i(39).
-1320
Let y(h) = -1977*h - 7879. What is y(-4)?
29
Let l(p) = p**2 - 7242*p - 36222. Determine l(-5).
13
Let c(y) = -863*y - 26084. Calculate c(-30).
-194
Let j(g) = 4*g**2 - 1407*g + 13649. What is j(10)?
-21
Let j(c) = c**3 - 157*c**2 + 5953*c - 69. Give j(64).
-5
Let b(o) = -o**3 + 9*o**2 + 207*o + 1317. What is b(-7)?
652
Let v(i) = i**3 - 27*i**2 + i - 20. Determine v(26).
-670
Let h(s) = 290877*s - 3781397. Calculate h(13).
4
Let a(k) = -92*k**3 - 641*k**2 + 17*k - 11. Calculate a(-7).
17
Let z(n) = 2*n**3 - 28*n**2 + 175*n - 1580. Give z(11).
-381
Let g(w) = 4298*w**2 - 12922*w + 66. What is g(3)?
-18
Let g(o) = -120*o - 2079. Give g(-15).
-279
Let m(l) = -9616*l - 19252. Determine m(-2).
-20
Let l(q) = -16*q**3 - 3826*q**2 - 474*q + 962. Calculate l(-239).
6
Let z(p) = -88416*p + 1060998. Calculate z(12).
6
Let y(f) = -132*f**2 + 34575*f + 2380. Calculate y(262).
22
Let x(i) = -i**2 - 3275*i - 286637. Determine x(-90).
13
Let t(i) = -47*i - 350. Determine t(-23).
731
Let y(o) = -16*o**2 - 3077*o - 18344. Determine y(-6).
-458
Let x(i) = i**2 - 78*i + 896. Give x(67).
159
Let c(x) = -6*x**2 + 1442*x + 1442. What is c(-1)?
-6
Let k(i) = -i**3 + 9*i**2 + 59*i - 214. Give k(3).
17
Let x(p) = 17*p**2 - 53*p - 214. Give x(4).
-154
Let g(s) = -4*s**3 - s**2 + 134*s - 264. Determine g(2).
-32
Let m(x) = -x**2 - 657*x - 4537. Give m(-7).
13
Let y(f) = 5*f**2 + 93*f + 13. Calculate y(-19).
51
Let z(n) = 4*n**3 - 460*n**2 - 402*n - 7284. Calculate z(116).
-92
Let i(a) = -a**2 - 42*a + 611. What is i(-53)?
28
Let j(o) = -23053*o + 507160. Calculate j(22).
-6
Let l(u) = 3*u**3 - 3*u**2 + 784*u - 2356. Give l(3).
50
Let h(x) = 132*x**2 + 596*x - 193. What is h(-5)?
127
Let w(a) = -a**2 + 2898*a - 77511. What is w(27)?
6
Let t(h) = 17*h**2 - 2525*h - 77. What is t(148)?
-1409
Let o(m) = 9*m**3 + 3736*m**2 + 4144*m + 1682. Calculate o(-414).
26
Let z(b) = 1211*b + 31673. Give z(-26).
187
Let f(w) = 8593*w**2 - 77336*w - 16. Determine f(9).
-7
Let h(o) = -2*o**3 - 4*o**2 - 272*o - 1034. Give h(-4).
118
Let s(w) = 6*w**3 - 130*w**2 + 727*w + 2. Determine s(6).
980
Let h(p) = -7*p**2 + 33*p + 3380. What is h(24)?
140
Let a(h) = -373*h + 6582. Give a(22).
-1624
Let n(f) = -5374*f + 1397342. Determine n(260).
102
Let b(m) = -181*m**2 + 437*m - 177. Determine b(2).
-27
Let u(i) = 1663812*i - 8319057. Give u(5).
3
Let p(h) = h**3 - 90*h**2 - 17304*h - 735. Determine p(-94).
17
Let y(i) = -2*i**3 - 67*i**2 + 934*i + 500. Give y(11).
5
Let t(j) = -2*j**2 - 564*j - 31306. What is t(-206)?
6
Let s(u) = -3244*u - 155753. Determine s(-48).
-41
Let a(z) = 3*z**3 + 7*z - 8. What is a(5)?
402
Let z(p) = -3*p**3 - 321*p**2 - 354*p - 3385. Determine z(-106).
431
Let v(h) = -2*h**3 + 199*h**2 - 283*h - 82. Calculate v(98).
996
Let f(g) = -115389*g + 2307727. Give f(20).
-53
Let k(j) = 8*j**3 - 3*j**2 - 297*j - 2052. Give k(-7).
-2864
Let q(x) = -x**3 + 67*x**2 - 762*x + 2390. Determine q(7).
-4
Let h(r) = -2*r**2 - 194*r - 3792. What is h(-42)?
828
Let o(z) = -1828*z + 6913. What is o(4)?
-399
Let j(b) = b**3 - 52*b**2 + 586*b + 100. What is j(21)?
-1265
Let q(g) = 2*g**2 + 73*g + 1318. Calculate q(-20).
658
Let v(f) = 31582*f + 31483. Determine v(-1).
-99
Let q(n) = -15*n**2 + 371*n + 541. Calculate q(26).
47
Let v(f) = -1765*f - 26447. Give v(-15).
28
Let a(v) = -32*v**2 + 20027*v + 23188. Calculate a(627).
-11
Let s(n) = -971*n - 17. Determine s(1).
-988
Let z(n) = -4*n**2 + 154*n + 1700. Calculate z(-9).
-10
Let n(m) = 6*m**3 + 118*m**2 + 191*m + 179. Give n(-18).
-19
Let f(q) = 21807*q + 457990. Calculate f(-21).
43
Let y(g) = -9409*g - 479867. What is y(-51)?
-8
Let q(v) = 12*v**2 + 211*v + 1698. Calculate q(-9).
771
Let k(q) = -27*q + 1700. Determine k(33).
809
Let p(q) = 32*q**3 + 4*q**2 - 59*q + 169. What is p(3)?
892
Let d(b) = 14*b**3 - 238*b**2 + 17*b - 320. What is d(17)?
-31
Let n(p) = 28*p + 2849. What is n(-68)?
945
Let z(l) = 168*l**2 - 2595*l + 540. What is z(15)?
-585
Let v(q) = -7*q**3 - 178*q**2 - 64*q - 97. Calculate v(-25).
-372
Let v(l) = 1038059*l - 24913419. Give v(24).
-3
Let v(o) = 32*o**3 - 103*o**2 - 33*o + 98. Determine v(3).
-64
Let d(h) = -h**3 + 9*h**2 - 3*h - 13. Determine d(-3).
104
Let x(m) = -50*m**3 + 83*m**2 + 87*m + 3. What is x(-1)?
49
Let n(k) = 100*k**2 + 96*k - 17. What is n(-2)?
191
Let f(n) = 2158*n**3 - 9*n**2 - 43*n - 35. Give f(-1).
-2159
Let c(h) = 5*h**3 - 249*h**2 + 1634*h + 45. Give c(42).
-123
Let x(a) = -22024*a + 57482643. Calculate x(2610).
3
Let y(r) = 2*r**3 - 105*r**2 + 50*r + 371. What is y(52)?
267
Let x(n) = -425*n + 63466. Give x(154).
-1984
Let p(f) = -50*f**2 + 973*f + 1942. What is p(-2)?
-204
Let z(i) = 850*i - 4133. Determine z(8).
2667
Let w(u) = u**2 + 573*u - 22578. Determine w(37).
-8
Let b(j) = -2018*j + 540810. Determine b(268).
-14
Let y(o) = -2*o**2 - 765*o - 3775. Determine y(-5).
0
Let a(o) = -o**2 + 6474*o - 662492. What is a(104)?
-12
Let p(n) = 11470*n - 13121672. Calculate p(1144).
8
Let g(c) = c**2 - 492*c + 42172. What is g(111)?
-119
Let l(m) = m**3 - 49*m**2 + 159*m + 6277. Give l(42).
607
Let o(k) = -k**3 - 9*k**2 - 58230*k - 640778. What is o(-11)?
-6
Let h(m) = -m**3 - 66*m**2 - 337*m - 214. Give h(-5).
-54
Let s(j) = j**3 + 374*j**2 + 8746*j + 579. What is s(-25)?
54
Let q(v) = -v**3 - 7*v**2 - 90*v - 391. Give q(-4).
-79
Let y(k) = 44*k**2 - 137*k - 146. Give y(-6).
2260
Let s(o) = 141992*o + 2271920. What is s(-16)?
48
Let r(z) = 4*z**2 + 1466*z + 2208. Give r(-365).
18
Let y(d) = -43332*d - 86792. What is y(-2)?
-128
Let k(s) = -4*s**3 + 31*s**2 + 248*s - 1312. What is k(5)?
203
Let h(o) = o**2 + 246*o - 3227. Calculate h(13).
140
Let q(p) = -18*p**3 - 29*p**2 - 104*p - 2. Give q(-3).
535
Let c(i) = 102*i + 13087. Calculate c(-125).
337
Let l(k) = 1205*k - 39781. Give l(33).
-16
Let d(m) = 34*m + 1183. Calculate d(-50).
-517
Let j(z) = z**2 + 301*z - 5639. Calculate j(18).
103
Let u(c) = c**3 - 28*c**2 - 736*c - 1864. Give u(45).
-559
Let b(k) = 536*k + 54658. Calculate b(-102).
-14
Let m(h) = -3*h**3 + 223*h**2 - 1303*h + 469. Calculate m(6).
31
Let c(r) = -596*r**2 + 43*r + 41. Determine c(-1).
-598
Let l(b) = -1047*b**2 + 6287*b - 24. Determine l(6).
6
Let q(y) = -26*y**2 + 923*y + 11835. What is q(-10)?
5
Let f(v) = 35*v**2 + 277*v - 47. Determine f(6).
2875
Let g(r) = 483*r - 6. Determine g(0).
-6
Let d(a) = -37*a - 577. Calculate d(7).
-836
Let a(v) = -28000*v - 55879. What is a(-2)?
121
Let o(y) = -y**2 - 350360*y + 4554817. Calculate o(13).
-32
Let d(o) = -232*o**2 - 2553*o - 82. Calculate d(-11).
-71
Let b(q) = 2*q**2 + 23*q - 973. Give b(0).
-973
Let o(p) = -p**2 + 2*p + 678. Determine o(33).
-345
Let t(a) = -3554*a - 437005. What is t(-123)?
137
Let y(f) = -3*f**3 + 14*f**2 + 247*f - 1030. Calculate y(4).
-10
Let n(j) = -6*j**2 + 352*j - 5106. Give n(28).
46
Let u(s) = -34*s**2 + 1567*s - 5772. Calculate u(42).
66
Let i(a) = 2*a**2 + 2772*a + 791051. Determine i(-402).
-85
Let f(o) = -o**3 - o**2 + 2368*o - 136. Determine f(48).
632
Let r(i) = -224*i + 65696. Determine r(291).
512
Let b(r) = 8994*r - 20486. Calculate b(3).
6496
Let n(g) = 121*g**2 + 1203*g - 77. Give n(-10).
-7
Let i(n) = 5*n**2 - 306*n + 1031. What is i(58)?
103
Let k(r) = -14*r**3 + r**2 - 14958*r + 29917. What is k(2)?
-107
Let t(i) = -1807*i - 73139. Give t(-40).
-859
Let j(d) = -1256*d**2 - 400*d + 400. Give j(1).
-1256
Let o(v) = -44*v**3 + 1628*v**2 - 19*v + 332. Determine o(37).
-371
Let j(d) = d**3 - 3*d**2 - d + 14. What is j(-5)?
-181
Let k(r) = 80*r - 253. What is k(4)?
67
Let f(v) = 8690*v + 34014. Determine f(-4).
-746
Let p(j) = 9*j**2 - 6169*j - 230715. Give p(721).
5
Let d(v) = -99*v - 323. Calculate d(2).
-521
Let p(d) = -40*d**2 - 1813*d - 245. What is p(-46)?
-1487
Let y(l) = -2*l**3 + 22*l**2 + 